- 3. Let u = -219 + 221. Suppose -5*j - u*w = -380, -4*j - w + 77 = -230. Calculate the remainder when j is divided by l(2).
24
Let b = -10889 - -10960. Calculate the remainder when 248 is divided by b.
35
Let m(l) be the first derivative of -l**3/3 - 13*l**2/2 - 4*l - 13. Let w be m(-12). Calculate the remainder when 3 is divided by (2/3)/(w/36).
0
Let d = -738 + 792. Calculate the remainder when d is divided by (-72)/(-54)*(38/8 - 1).
4
Let r(o) be the second derivative of o**3/3 + 11*o**2/2 - 2*o + 3. Calculate the remainder when 34 is divided by r(2).
4
Calculate the remainder when 44802/10 + ((-1408)/(-80))/22 is divided by 2232.
17
Let f(p) = -3*p**2 + 93*p + 102. What is the remainder when 900 is divided by f(30)?
132
Let q = 57 - 46. Let w = 29 - q. Let a(c) = 5*c - 69. What is the remainder when a(28) is divided by w?
17
Let u = 161 - 211. Let x = 55 + u. Suppose -3*f = -44 + 11. Calculate the remainder when f is divided by x.
1
Suppose 13650 = 50*w + 41*w. Calculate the remainder when 1643 is divided by w.
143
Suppose -4*n + 2074 = 4*n - 9758. What is the remainder when n is divided by 106?
101
Let n = 39385 - 39324. Calculate the remainder when n is divided by (-1 + 21)*(-10)/(-4).
11
Suppose -4*t + 3*w = -591, t + 67 - 208 = 3*w. Calculate the remainder when 528 is divided by t.
78
Let q = 31 - 23. Suppose 0 = 5*l + 3*z - 690, 5*l + 0*z - 700 = -5*z. Calculate the remainder when l is divided by -34*((-12)/q)/3.
16
Suppose -9*b = -5*b + 2*f - 40, -5*b + 50 = -3*f. What is the remainder when 1667 is divided by b?
7
Suppose -744 = -3674*j + 3668*j. Calculate the remainder when j is divided by 41.
1
Suppose 5*a + 4*m - 2342 = -85, -901 = -2*a - m. Calculate the remainder when a is divided by 5.
4
Let v(l) = -213*l - 396. What is the remainder when 166 is divided by v(-2)?
16
Suppose 2*u = 2*n + n - 120, 5*u - 15 = 0. Suppose -4*x + n = 2*o, -o - 3*x + 23 = -0*x. Calculate the remainder when 40 is divided by o.
6
Calculate the remainder when 495 is divided by 1*5*(-8)/40 - -249.
247
Suppose -5*z + 5*c = -55, -4*z - 53*c + 54*c = -29. What is the remainder when -1*(-6)/8 - (-275)/44 is divided by z?
1
Let n(j) = j**3 + 9*j**2 + 2*j + 18. Let r be n(-9). Suppose r = -3*u - 2*a - 4 - 25, -a = -5. Let v = 17 + u. What is the remainder when v is divided by 2?
0
Let k be (-1)/((2/8)/1). What is the remainder when 224 is divided by ((-1888)/56)/k*7?
47
Calculate the remainder when ((-1948)/(-10))/((18 - 34)/(-80)) is divided by 31.
13
Let x(r) = r**2 + 4*r + 4. Let g be x(-5). Suppose 4*n = 2*h - 268, -5*h + 3*h + n = -277. Suppose -s - g*s = -h. What is the remainder when s is divided by 6?
2
Suppose -2 + 44 = 7*b. What is the remainder when -7 + 6*(5 + 1) is divided by b?
5
Suppose 0 = 4*u + 5*u + 126. Let q be 39/2*u/21 + 1. What is the remainder when ((-9)/6)/(q/200) is divided by 8?
1
Calculate the remainder when -394*((-2)/16*6 - (-3)/(-12)) is divided by 101.
91
Suppose -34 = -9*a + 38. Calculate the remainder when 109 is divided by 8 - (a - 58 - 0).
51
Let k = -51 + 58. Calculate the remainder when (9/(-5))/(k + (-1166)/165) is divided by 17.
10
Suppose 0 = 5*t - 3 - 2, 2*y + 2*t + 1004 = 0. Let w = -453 - y. What is the remainder when 68 is divided by w?
18
Let x = 125 - 93. Let l = x + -29. Suppose -4*a + 0*f + 4 = 4*f, 5*a = l*f + 45. Calculate the remainder when 21 is divided by a.
3
Let y = 38 - 29. Let z = 66 - y. Let l = z + -48. Calculate the remainder when 32 is divided by l.
5
Let y(j) = -6 - 22*j + 83*j + 130*j**2 + 4*j**3 - 3 - 2 + 1. Calculate the remainder when 257 is divided by y(-32).
85
Let w(i) = 66*i - 26. Let c(t) = -t**3 + 9*t**2 - 16*t + 29. What is the remainder when w(9) is divided by c(7)?
13
Let h(c) = c**3 - 5*c**2 + 7*c + 11. Let f be h(4). Suppose 25*d - f*d = 20. What is the remainder when d is divided by 2?
0
Calculate the remainder when 6402/4*(450/(-54) - -9) is divided by 120.
107
Let q be 775/7 - (-16)/56. Suppose -q = -4*j + 9. Suppose -4 = 4*i, -2*t + i = 5*i - j. Calculate the remainder when 67 is divided by t.
16
Let f(a) = -154*a**2 - a. Let v be f(1). Let l = v + 217. Let k = -12726 + 12742. What is the remainder when l is divided by k?
14
Let m = 652 + -646. What is the remainder when 399 is divided by m?
3
Let u = -47 + 38. Let d be ((-884)/39)/(-1 + (-3)/u). Suppose -2 = 4*b - d. What is the remainder when b is divided by 5?
3
Let g be (195/(-10))/(-13) + (-2577)/(-2). Suppose g = -14*d + 4720. Calculate the remainder when d is divided by 42.
35
Let c be (-42)/28 + (-15)/(-6). Calculate the remainder when 36 is divided by 0*(-4)/44 + 35 + c.
0
Let c = 8 + -6. Suppose c = 2*o - 6. Suppose 48*h + 47*h = 398 - 18. What is the remainder when o is divided by h?
0
Let j(n) = -4*n**3 - 113*n**2 - 27*n + 63. Calculate the remainder when 6856 is divided by j(-28).
31
Calculate the remainder when 2*7/((-210)/(-3525)) is divided by 34.
31
Let f(w) = 4*w + 89. Let r be 8/(-16)*32 + (0 - -2). What is the remainder when 60 is divided by f(r)?
27
Suppose -40 = -46*q + 36*q. Suppose -d + q = -98. Let y = 72 + -20. What is the remainder when d is divided by y?
50
Let r(g) be the first derivative of 11*g**3/3 + 2*g + 6. Suppose 3*a + p = 8*a - 75, p = 5. What is the remainder when r(2) is divided by a?
14
Let a(v) = -v**3 + 48*v**2 - 43*v - 143. Calculate the remainder when a(47) is divided by 18.
9
Let q be -10*((-11)/(-2) - 6). Calculate the remainder when 53 is divided by q/(-10)*0 - -27.
26
Calculate the remainder when 5808 is divided by (18/(-5))/(-9) + (-2895)/(-75).
36
What is the remainder when (-15 - (-649)/44) + 2*410/16 is divided by 6?
3
Suppose -5735 = -6*a + 25. Suppose 9*u - 21*u = -a. What is the remainder when 236 is divided by u?
76
Let u = -11 - -13. Suppose u*h + s - 172 = -0*h, -8 = 4*s. Suppose -10350 = -201*k - 29*k. What is the remainder when h is divided by k?
42
Calculate the remainder when 1041 is divided by 153 - -4 - (-16 + 8)*-1.
147
Suppose -4*q = 956 + 604. Let p = q - -413. What is the remainder when 87 is divided by p?
18
Let n = 448 - 448. Suppose 176*j = 2*i + 178*j - 24, -i + 3*j + 24 = n. What is the remainder when 95 is divided by i?
5
Suppose -127*u - 2*t - 58 = -129*u, -5*t + 115 = 5*u. What is the remainder when 129 is divided by u?
25
Let l be (5 - (-3 + -4))/2. Let y(n) be the second derivative of n**4/12 - 2*n**3/3 + 17*n**2/2 + 3*n. Calculate the remainder when y(l) is divided by 15.
14
Let z(b) = 113*b**2 + 5*b - 5. Suppose -4*y = 2*w - 112, -7*w + 11*w + 5*y - 227 = 0. Calculate the remainder when z(1) is divided by w.
55
Suppose -20*i + 23*i + 1545 = 2*c, 3 = -3*i. What is the remainder when c is divided by 100?
71
Suppose 535 - 15 = 20*n. Let k(h) = -h**3 + 5*h**2 + h + 7. Let d be k(3). Suppose -6*o + d = -2*o. What is the remainder when n is divided by o?
5
Let b = 2467 + -2453. Suppose 122 = 4*w + 3*i - 64, -5*w + 3*i + 246 = 0. Calculate the remainder when w is divided by b.
6
Suppose 564 = 9*w - 12*w - 3*x, -5*x = -2*w - 341. Let r = -145 - w. What is the remainder when r is divided by 8?
6
Suppose -70445 = -4*t - 3*r, 70444 = -0*t + 4*t + 4*r. What is the remainder when t/102 - 8/(-6) is divided by 25?
24
Suppose -6*i - 60 = -i. Suppose -2*y + 2*b + 44 = 0, -4*y = b - 102 + 44. Let k = y + i. What is the remainder when k is divided by 1?
0
Let z(i) = -14*i - 77. Let l be (1/(-2))/(5/(-5320)). Suppose 7*c - l = 189. What is the remainder when c is divided by z(-7)?
19
Suppose 4*l + 16 = 0, -3*n + 144*l - 147*l = -1218. Let j = n - 307. Calculate the remainder when j is divided by 5.
3
Suppose -2*s = -6*s - 48. Let w be 812/s - 5/15. Calculate the remainder when 22 is divided by 10/25 + 0 + w/(-5).
8
Suppose -19*a + 8*a + 8*a = -18. Calculate the remainder when 358 is divided by a.
4
Suppose 2*w - 808 = -3*n, 10*w - 1630 = 6*w + n. Calculate the remainder when w is divided by 140.
127
Suppose 0 = 16*x - 1130 + 106. Calculate the remainder when 117 is divided by 2*4/(x/408).
15
Suppose -4*n - 15 = -9*n. Suppose -2*f - 16 = -7*f + 4*d, 5*d - 17 = -n*f. What is the remainder when 7 is divided by f?
3
Suppose 7*h - 10*h + 7316 = k, -2436 = -h - 3*k. What is the remainder when h is divided by 66?
63
Let m(j) = 12*j**2. Let h be m(-3). Suppose -52 = -5*k + h